903, 15647
What are the prime factors of 58902994?
2, 17, 727, 2383
What are the prime factors of 66347094?
2, 3, 11, 347, 2897
What are the prime factors of 140985479?
5623, 25073
List the prime factors of 2007424330.
2, 5, 11369, 17657
List the prime factors of 1685907559.
7, 240843937
List the prime factors of 222851143.
222851143
What are the prime factors of 1648376348?
2, 83, 281, 17669
List the prime factors of 1342661182.
2, 19, 131, 269719
What are the prime factors of 10491547?
11, 31, 2797
List the prime factors of 4365262852.
2, 5783, 188711
List the prime factors of 8525970738.
2, 3, 19, 883, 3137
What are the prime factors of 5361734293?
211, 811, 31333
What are the prime factors of 139440433?
11, 967, 13109
What are the prime factors of 66178119?
3, 7, 599, 5261
List the prime factors of 41918332.
2, 19, 551557
What are the prime factors of 100855369?
31, 331, 9829
List the prime factors of 4419702408.
2, 3, 11, 16741297
List the prime factors of 288291047.
11, 19, 1379383
What are the prime factors of 38742467?
31, 1249757
What are the prime factors of 4396413067?
41, 157, 269, 2539
List the prime factors of 25631847.
3, 41, 69463
List the prime factors of 35314277.
701, 50377
What are the prime factors of 598130029?
7, 85447147
What are the prime factors of 33205639?
33205639
What are the prime factors of 47792128?
2, 2917
What are the prime factors of 1638745055?
5, 23, 14249957
List the prime factors of 48979127.
883, 55469
List the prime factors of 72672727.
521, 139487
List the prime factors of 1726204903.
29, 59524307
What are the prime factors of 406520458?
2, 203260229
List the prime factors of 50434454.
2, 7, 3602461
What are the prime factors of 27596862?
2, 3, 170351
List the prime factors of 4861485483.
3, 19, 85289219
List the prime factors of 2138996493.
3, 277, 858001
What are the prime factors of 449058443?
1697, 264619
List the prime factors of 149263503.
3, 97, 683, 751
What are the prime factors of 61127610?
2, 3, 5, 1297, 1571
List the prime factors of 23234310.
2, 3, 5, 11, 7823
What are the prime factors of 66941944?
2, 8367743
List the prime factors of 127019840.
2, 5, 396937
List the prime factors of 119186792.
2, 179, 83231
List the prime factors of 6619039.
7, 945577
What are the prime factors of 3481405099?
3481405099
List the prime factors of 44130482.
2, 11, 2005931
List the prime factors of 67911017.
787, 86291
List the prime factors of 465162862.
2, 73, 3186047
What are the prime factors of 21541959?
3, 719, 3329
List the prime factors of 5951674372.
2, 7, 212559799
What are the prime factors of 15969493?
15969493
What are the prime factors of 28221901?
29, 973169
What are the prime factors of 23277935?
5, 4655587
List the prime factors of 96281127.
3, 2791, 3833
List the prime factors of 71194429.
71194429
List the prime factors of 237102761.
7, 53, 639091
List the prime factors of 1002673455.
3, 5, 7, 31, 308041
What are the prime factors of 6788204016?
2, 3, 11, 12856447
What are the prime factors of 2491361749?
1453, 1714633
What are the prime factors of 7408208127?
3, 2469402709
What are the prime factors of 476347379?
197, 2418007
What are the prime factors of 5151834157?
37, 59, 151, 15629
List the prime factors of 17097575.
5, 11, 79, 787
List the prime factors of 1209760859.
167, 7244077
List the prime factors of 252102871.
2287, 110233
List the prime factors of 1169932577.
11, 106357507
What are the prime factors of 345362772?
2, 3, 19, 1514749
List the prime factors of 3675759008.
2, 114867469
List the prime factors of 97738898.
2, 113, 251, 1723
List the prime factors of 5637632494.
2, 13, 6803, 31873
What are the prime factors of 2695026939?
3, 11, 2707, 30169
What are the prime factors of 1971361072?
2, 17, 29, 491, 509
List the prime factors of 1793860553.
17, 105521209
List the prime factors of 74313138.
2, 3, 23, 29, 31, 599
List the prime factors of 607825781.
607825781
List the prime factors of 4286619810.
2, 3, 5, 11, 393629
What are the prime factors of 2582110326?
2, 3, 3359, 128119
List the prime factors of 96295052.
2, 7, 31, 110939
What are the prime factors of 782716079?
577, 2351
What are the prime factors of 849810?
2, 3, 5, 13, 2179
List the prime factors of 27595772.
2, 1223, 5641
What are the prime factors of 206784845?
5, 3581, 11549
What are the prime factors of 600857447?
43, 47, 127, 2341
List the prime factors of 1196489616.
2, 3, 7, 3560981
What are the prime factors of 428935844?
2, 107233961
What are the prime factors of 2329696479?
3, 11, 59, 113, 10589
What are the prime factors of 648762774?
2, 3, 11, 9829739
List the prime factors of 21815774.
2, 1567, 6961
What are the prime factors of 70996107?
3, 7, 13, 31, 8389
What are the prime factors of 27810495?
3, 5, 37, 16703
List the prime factors of 99242520.
2, 3, 5, 13, 63617
What are the prime factors of 1004940054?
2, 3, 37, 502973
What are the prime factors of 188203160?
2, 5, 269, 17491
What are the prime factors of 6711161?
19, 421, 839
List the prime factors of 994548300.
2, 3, 5, 89, 193
List the prime factors of 763997176.
2, 2791, 34217
What are the prime factors of 453611585?
5, 7, 1321, 9811
List the prime factors of 264841760.
2, 5, 19, 87119
What are the prime factors of 576512057?
11, 52410187
What are the prime factors of 4756415179?
19, 1201, 208441
List the prime factors of 29835454.
2, 11, 31, 41, 97
What are the prime factors of 81153995?
5, 13, 619, 2017
List the prime factors of 29882139.
3, 7, 643, 2213
List the prime factors of 3114830.
2, 5, 67, 4649
What are the prime factors of 65915793?
3, 7323977
List the prime factors of 23970041.
23970041
What are the prime factors of 1891815797?
1891815797
List the prime factors of 1584646865.
5, 487, 650779
List the prime factors of 184945181.
184945181
List the prime factors of 1153481.
7, 367, 449
What are the prime factors of 1963450683?
3, 17, 23, 1427
List the prime factors of 133989951.
3, 44663317
What are the prime factors of 62315106?
2, 3, 7, 1483693
What are the prime factors of 193005310?
2, 5, 401, 48131
What are the prime factors of 488161201?
11, 44378291
What are the prime factors of 32205339?
3, 113, 31667
What are the prime factors of 58463937?
3, 7, 97, 1063
What are the prime factors of 44697258?
2, 3, 37, 7457
List the prime factors of 262721930.
2, 5, 19, 503, 2749
What are the prime factors of 3575917669?
229, 15615361
List the prime factors of 798509988.
2, 3, 2464537
List the prime factors of 152750462.
2, 19, 113, 35573
What are the prime factors of 566044995?
3, 5, 281, 134293
List the prime factors of 2635504839.
3, 11, 19, 1401119
List the prime factors of 577406377.
17, 33965081
List the prime factors of 163632571.
53, 3087407
What are the prime factors of 1462326720?
2, 3, 5, 599, 2543
What are the prime factors of 432398435?
5, 7, 347, 35603
List the prime factors of 768161177.
7, 109737311
List the prime factors of 21539120.
2, 5, 307, 877
What are the prime factors of 111918835?
5, 7, 19, 31, 61, 89
List the prime factors of 3342869246.
2, 1671434623
List the prime factors of 42993456.
2, 3, 11, 107, 761
List the prime factors of 24684675.
3, 5, 283, 1163
What are the prime factors of 2085937906?
2, 13, 83, 293, 3299
List the prime factors of 5229689888.
2, 163427809
List the prime factors of 747446462.
2, 7, 53389033
What are the prime factors of 427945193?
13, 32918861
List the prime factors of 908830479.
3, 223, 1358491
What are the prime factors of 187197375?
3, 5, 31, 16103
List the prime factors of 1162936815.
3, 5, 4789, 16189
What are the prime factors of 64723346?
2, 103, 379, 829
What are the prime factors of 8339264?
2, 229, 569
What are the prime factors of 7984790950?
2, 5, 379, 421361
List the prime factors of 239568951.
3, 97, 823261
What are the prime factors of 664467091?
7507, 88513
List the prime factors of 1841429492.
2, 7, 433, 151883
What are the prime factors of 202747968?
2, 3, 117331
List the prime factors of 53010253.
41, 823, 1571
What are the prime factors of 464969440?
2, 5, 13, 223543
List the prime factors of 58140251.
13, 23, 337, 577
List the prime factors of 120545615.
5, 137, 175979
List the prime factors of 4969792.
2, 19, 61, 67
List the prime factors of 511006425.
3,